
13, 43, 1117, 3547
What are the prime factors of 197459431?
13, 1168399
What are the prime factors of 40816714?
2, 20408357
What are the prime factors of 195917982?
2, 3, 13, 101, 1913
List the prime factors of 158646188.
2, 39661547
List the prime factors of 38527613.
43, 67, 311
What are the prime factors of 649985197?
101, 6435497
List the prime factors of 1923079667.
1923079667
List the prime factors of 5783722593.
3, 11, 9689, 18089
List the prime factors of 120654574.
2, 389, 155083
What are the prime factors of 43922406?
2, 3, 11, 677, 983
List the prime factors of 1960383803.
7, 43, 6512903
List the prime factors of 38130513.
3, 271, 46901
List the prime factors of 42851290.
2, 5, 4285129
List the prime factors of 367293625.
5, 769, 3821
List the prime factors of 23939448.
2, 3, 13, 277
List the prime factors of 229285587.
3, 1621, 47149
List the prime factors of 663281292.
2, 3, 2081, 26561
What are the prime factors of 188502049?
1453, 129733
What are the prime factors of 7831008341?
13, 127, 4743191
What are the prime factors of 417510167?
417510167
List the prime factors of 472757559.
3, 157585853
List the prime factors of 683909989.
7, 3527, 27701
What are the prime factors of 2041771686?
2, 3, 23, 14795447
What are the prime factors of 195469407?
3, 7, 1627, 1907
List the prime factors of 1080120491.
1123, 961817
What are the prime factors of 1738361787?
3, 37, 47, 53, 6287
List the prime factors of 1998134713.
29, 41, 839, 2003
List the prime factors of 37256171.
37256171
List the prime factors of 2786417759.
17, 29, 43, 131441
What are the prime factors of 2373313161?
3, 19, 1361, 30593
List the prime factors of 90670791.
3, 29, 1042193
List the prime factors of 93615701.
71, 1087, 1213
What are the prime factors of 1397068541?
11, 11546021
List the prime factors of 33519021.
3, 19, 59, 9967
List the prime factors of 312098948.
2, 7, 31, 359561
List the prime factors of 697569911.
47, 1493, 9941
List the prime factors of 8127796177.
52757, 154061
What are the prime factors of 174722639?
7, 13, 293, 6553
What are the prime factors of 286726510?
2, 5, 7, 23, 178091
What are the prime factors of 19897610?
2, 5, 73, 97, 281
What are the prime factors of 1370423597?
53, 1619, 15971
What are the prime factors of 348834082?
2, 5449, 32009
What are the prime factors of 1644762349?
1644762349
List the prime factors of 460536670.
2, 5, 11, 263, 15919
List the prime factors of 76422273.
3, 331, 76961
List the prime factors of 504771998.
2, 252385999
List the prime factors of 115554808.
2, 19, 760229
What are the prime factors of 64160619?
3, 1091, 19603
What are the prime factors of 350181361?
107, 3272723
What are the prime factors of 2860070794?
2, 7, 149, 1371079
List the prime factors of 1046247084.
2, 3, 19, 509867
What are the prime factors of 178598885?
5, 67, 659, 809
What are the prime factors of 356874598?
2, 59, 443, 6827
List the prime factors of 5559416410.
2, 5, 555941641
What are the prime factors of 3164104352?
2, 19, 273901
List the prime factors of 991721641.
991721641
What are the prime factors of 93866276?
2, 7, 347, 9661
List the prime factors of 2251556865.
3, 5, 53, 109, 2887
What are the prime factors of 25010047?
43, 599, 971
What are the prime factors of 57732057?
3, 6414673
What are the prime factors of 814466384?
2, 47, 83, 13049
List the prime factors of 4557916383.
3, 281, 1129, 4789
List the prime factors of 3029132115.
3, 5, 277, 243011
What are the prime factors of 465634777?
17, 61, 433
List the prime factors of 1715753694.
2, 3, 19, 1999, 7529
What are the prime factors of 47300205?
3, 5, 17, 185491
What are the prime factors of 20911843?
71, 313, 941
What are the prime factors of 519096629?
4397, 118057
List the prime factors of 10369367.
101, 102667
List the prime factors of 292747237.
15991, 18307
List the prime factors of 83274753.
3, 37, 750223
List the prime factors of 34510242.
2, 3, 13, 442439
What are the prime factors of 3097036817?
7, 29, 2179477
List the prime factors of 12098102.
2, 467, 12953
What are the prime factors of 1065062275?
5, 42602491
What are the prime factors of 699364564?
2, 17, 79, 211, 617
List the prime factors of 123434877.
3, 167, 433, 569
List the prime factors of 221156539.
5849, 37811
List the prime factors of 394472971.
394472971
What are the prime factors of 65591225?
5, 7, 374807
List the prime factors of 825557492.
2, 23, 631, 14221
List the prime factors of 19676984.
2, 2459623
What are the prime factors of 111914952?
2, 3, 883, 5281
List the prime factors of 547553724.
2, 3, 101, 367, 1231
List the prime factors of 851234998.
2, 19, 22400921
List the prime factors of 4521202177.
47, 96195791
List the prime factors of 221636939.
17, 41, 317987
List the prime factors of 609604250.
2, 5, 2438417
List the prime factors of 1216838542.
2, 608419271
List the prime factors of 1295382657.
3, 431794219
What are the prime factors of 307424008?
2, 5657, 6793
What are the prime factors of 1142913104?
2, 811, 88079
What are the prime factors of 572865512?
2, 71608189
List the prime factors of 519684082.
2, 83, 3130627
What are the prime factors of 4023728731?
11, 31, 11799791
What are the prime factors of 93151334?
2, 23, 2025029
What are the prime factors of 410467116?
2, 3, 3373, 10141
What are the prime factors of 21703097?
13, 1669469
What are the prime factors of 7988856?
2, 3, 367, 907
What are the prime factors of 1223849124?
2, 3, 31, 1096639
List the prime factors of 554517829.
307, 1806247
What are the prime factors of 85079089?
85079089
List the prime factors of 121846452.
2, 3, 7, 13, 111581
List the prime factors of 2085608.
2, 7, 37243
What are the prime factors of 3162210398?
2, 1581105199
What are the prime factors of 289964134?
2, 144982067
List the prime factors of 200351083.
47, 661, 6449
What are the prime factors of 592455056?
2, 643, 57587
What are the prime factors of 36471461?
13, 2805497
What are the prime factors of 82912833?
3, 9212537
What are the prime factors of 19785814?
2, 137, 72211
What are the prime factors of 167530198?
2, 11, 7615009
What are the prime factors of 310825478?
2, 155412739
What are the prime factors of 186264337?
7, 31, 47, 2609
What are the prime factors of 1132539330?
2, 3, 5, 13, 2903947
What are the prime factors of 19178545?
5, 1229, 3121
List the prime factors of 39090162.
2, 3, 6515027
List the prime factors of 60679212.
2, 3, 11, 459691
What are the prime factors of 482697225?
3, 5, 238369
List the prime factors of 589684807.
12373, 47659
List the prime factors of 2670288132.
2, 3, 23, 43, 71, 3169
List the prime factors of 47844629.
7, 557, 1753
List the prime factors of 170713180.
2, 5, 11, 673, 1153
What are the prime factors of 1221534163?
23, 53110181
What are the prime factors of 93992941?
7, 13427563
What are the prime factors of 68357929?
68357929
What are the prime factors of 6212506480?
2, 5, 59, 1316209
List the prime factors of 4089477664.
2, 127796177
List the prime factors of 199834393.
11, 18166763
What are the prime factors of 135149541?
3, 17, 23, 29, 137
List the prime factors of 1517908339.
1517908339
List the prime factors of 265236585.
3, 5, 41, 67, 157
What are the prime factors of 4861445532?
2, 3, 2861, 141601
List the prime factors of 35832440.
2, 5, 7, 127973
What are the prime factors of 55379457?
3, 7, 4651
List the prime factors of 69224081.
61, 1134821
What are the prime factors of 573719391?
3, 7, 283, 4597
List the prime factors of 1259585084.
2, 971, 324301
What are the prime factors of 1586429212?
2, 396607303
What are the prime factors of 84083088?
2, 3, 17, 103043
List the prime factors of 6020983944.
2, 3, 29, 67, 193, 223
List the prime factors of 8358360.
2, 3, 5, 69653
List the prime factors of 56825293.
7, 8117899
What are the prime factors of 349586205?
3, 5, 941, 24767
List the prime factors of 153157478.
2, 1867, 41017
List the prime factors of 297708850.
2, 5, 5954177
What are the prime factors of 97597683?
3, 953, 3793
List the prime factors of 340881226.
2, 7, 157, 155087
What are the prime factors of 243367546?
2, 17, 31, 73, 3163
List the prime factors of 289958083.
353, 821411
List the prime factors of 533282139.
3, 13, 19, 239893
List the prime factors of 5778613